{"id":411,"date":"2025-04-17T18:34:40","date_gmt":"2025-04-17T16:34:40","guid":{"rendered":"https:\/\/eccleblog.apsh34.org\/?page_id=411"},"modified":"2025-04-22T11:55:42","modified_gmt":"2025-04-22T09:55:42","slug":"mentions-legales","status":"publish","type":"page","link":"https:\/\/eccleblog.apsh34.org\/index.php\/mentions-legales\/","title":{"rendered":"Mentions l\u00e9gales"},"content":{"rendered":"\n<h3 class=\"wp-block-heading\"><strong>PROPRIETAIRE<\/strong><\/h3>\n\n\n\n<p><strong>APSH34 \u2013 Association pour Personnes en Situation de Handicap<\/strong><br>284 avenue du Professeur JL Viala<br>Parc Eurom\u00e9decine II<br>34193 Montpellier Cedex 5<br>T\u00e9l. 04 67 40 74 40<\/p>\n\n\n\n<h3 class=\"wp-block-heading\"><strong>RESPECT DE LA VIE PRIV\u00c9E, DES DONN\u00c9ES PERSONNELLES ET&nbsp;UTILISATION DES DONN\u00c9ES COLLECT\u00c9ES<\/strong><\/h3>\n\n\n\n<p>Conform\u00e9ment \u00e0 la loi Informatique et libert\u00e9s du 6 janvier 1978, vous disposez d\u2019un droit d\u2019acc\u00e8s,de rectification, d&rsquo;opposition et d&rsquo;effacement&nbsp;des&nbsp;donn\u00e9es vous concernant.<br>Pour exercer ce droit, adressez-vous \u00e0 :<br>Monsieur le DPO, APSH34, 284 avenue du Professeur JL Viala Parc Eurom\u00e9decine II &#8211; 34193 Montpellier Cedex 5.<\/p>\n\n\n\n<p>Les donn\u00e9es que vous nous avez communiqu\u00e9es pendant votre visite du site font l\u2019objet d\u2019un traitement informatique.<br>Elles sont utilis\u00e9es pour le traitement des services propos\u00e9s par le site internet.<\/p>\n\n\n\n<h3 class=\"wp-block-heading\"><strong>PHOTOGRAPHIES \/ CR\u00c9DITS PHOTOS<\/strong><\/h3>\n\n\n\n<p>Effectu\u00e9es par nos soins.<br>Les textes, illustrations et vid\u00e9os pr\u00e9sent\u00e9s sur le site&nbsp;<a href=\"http:\/\/www.apsh34.org\/\" target=\"_blank\" rel=\"noreferrer noopener\">eccleblog.apsh34.org<\/a>&nbsp;sont prot\u00e9g\u00e9s par le Code de la propri\u00e9t\u00e9 intellectuelle et\/ou artistique.<br>Photographes : APSH34<\/p>\n\n\n\n<h3 class=\"wp-block-heading\"><strong>\u00c9DITION DU SITE<\/strong><\/h3>\n\n\n\n<p><strong><a href=\"http:\/\/www.apsh34.org\/\" target=\"_blank\" rel=\"noreferrer noopener\">https:\/\/eccleblog.apsh34.org<\/a><\/strong><\/p>\n\n\n\n<p>APSH34, 284 avenue du Professeur JL Viala Parc Eurom\u00e9decine II &#8211; 34193 Montpellier Cedex 5.<\/p>\n\n\n\n<h3 class=\"wp-block-heading\"><strong>Directrice de la publication<\/strong><\/h3>\n\n\n\n<p>Mme Val\u00e9rie Hahn, Directrice Espace Camille Claudel &#8211; APSH34<\/p>\n\n\n\n<h3 class=\"wp-block-heading\"><strong>Cr\u00e9ation du site<\/strong><\/h3>\n\n\n\n<p><strong><a href=\"https:\/\/eccleblog.apsh34.org\">https:\/\/eccleblog.apsh34.org<\/a> &#8211; 2025<\/strong><\/p>\n\n\n\n<h3 class=\"wp-block-heading\"><strong>Responsable du projet<\/strong><\/h3>\n\n\n\n<p>Sofya Charid &#8211; Service Communication &#8211; APSH34<\/p>\n\n\n\n<h3 class=\"wp-block-heading\"><strong>Webdesign, r\u00e9alisation, h\u00e9bergement<\/strong><\/h3>\n\n\n\n<p>Service Communication &#8211; APSH34 <\/p>\n\n\n\n<p>H\u00e9bergement : OVH <\/p>\n\n\n\n<p>Th\u00e8me WordPress : Themselve &#8211; Non Profit FSE<\/p>\n","protected":false},"excerpt":{"rendered":"<p>PROPRIETAIRE APSH34 \u2013 Association pour Personnes en Situation de Handicap284 avenue du Professeur JL VialaParc Eurom\u00e9decine II34193 Montpellier Cedex 5T\u00e9l. 04 67 40 74 40 RESPECT DE LA VIE PRIV\u00c9E, [&hellip;]<\/p>\n","protected":false},"author":1,"featured_media":0,"parent":0,"menu_order":0,"comment_status":"closed","ping_status":"closed","template":"","meta":{"_EventAllDay":false,"_EventTimezone":"","_EventStartDate":"","_EventEndDate":"","_EventStartDateUTC":"","_EventEndDateUTC":"","_EventShowMap":false,"_EventShowMapLink":false,"_EventURL":"","_EventCost":"","_EventCostDescription":"","_EventCurrencySymbol":"","_EventCurrencyCode":"","_EventCurrencyPosition":"","_EventDateTimeSeparator":"","_EventTimeRangeSeparator":"","_EventOrganizerID":[],"_EventVenueID":[],"_OrganizerEmail":"","_OrganizerPhone":"","_OrganizerWebsite":"","_VenueAddress":"","_VenueCity":"","_VenueCountry":"","_VenueProvince":"","_VenueState":"","_VenueZip":"","_VenuePhone":"","_VenueURL":"","_VenueStateProvince":"","_VenueLat":"","_VenueLng":"","_VenueShowMap":false,"_VenueShowMapLink":false,"_starter_page_template":"","_wpcom_template_layout_category":[],"footnotes":""},"class_list":["post-411","page","type-page","status-publish","hentry"],"yoast_head":"<!-- This site is optimized with the Yoast SEO plugin v25.0 - https:\/\/yoast.com\/wordpress\/plugins\/seo\/ -->\n<title>Mentions l\u00e9gales - Blog du foyer de vie Camille Claudel<\/title>\n<meta name=\"robots\" content=\"index, follow, max-snippet:-1, max-image-preview:large, max-video-preview:-1\" \/>\n<link rel=\"canonical\" href=\"https:\/\/eccleblog.apsh34.org\/index.php\/mentions-legales\/\" \/>\n<meta property=\"og:locale\" content=\"fr_FR\" \/>\n<meta property=\"og:type\" content=\"article\" \/>\n<meta property=\"og:title\" content=\"Mentions l\u00e9gales - Blog du foyer de vie Camille Claudel\" \/>\n<meta property=\"og:description\" content=\"PROPRIETAIRE APSH34 \u2013 Association pour Personnes en Situation de Handicap284 avenue du Professeur JL VialaParc Eurom\u00e9decine II34193 Montpellier Cedex 5T\u00e9l. 04 67 40 74 40 RESPECT DE LA VIE PRIV\u00c9E, [&hellip;]\" \/>\n<meta property=\"og:url\" content=\"https:\/\/eccleblog.apsh34.org\/index.php\/mentions-legales\/\" \/>\n<meta property=\"og:site_name\" content=\"Blog du foyer de vie Camille Claudel\" \/>\n<meta property=\"article:publisher\" content=\"https:\/\/www.facebook.com\/apsh34\" \/>\n<meta property=\"article:modified_time\" content=\"2025-04-22T09:55:42+00:00\" \/>\n<meta name=\"twitter:card\" content=\"summary_large_image\" \/>\n<meta name=\"twitter:label1\" content=\"Dur\u00e9e de lecture estim\u00e9e\" \/>\n\t<meta name=\"twitter:data1\" content=\"1 minute\" \/>\n<script type=\"application\/ld+json\" class=\"yoast-schema-graph\">{\"@context\":\"https:\/\/schema.org\",\"@graph\":[{\"@type\":\"WebPage\",\"@id\":\"https:\/\/eccleblog.apsh34.org\/index.php\/mentions-legales\/\",\"url\":\"https:\/\/eccleblog.apsh34.org\/index.php\/mentions-legales\/\",\"name\":\"Mentions l\u00e9gales - Blog du foyer de vie Camille Claudel\",\"isPartOf\":{\"@id\":\"https:\/\/eccleblog.apsh34.org\/#website\"},\"datePublished\":\"2025-04-17T16:34:40+00:00\",\"dateModified\":\"2025-04-22T09:55:42+00:00\",\"breadcrumb\":{\"@id\":\"https:\/\/eccleblog.apsh34.org\/index.php\/mentions-legales\/#breadcrumb\"},\"inLanguage\":\"fr-FR\",\"potentialAction\":[{\"@type\":\"ReadAction\",\"target\":[\"https:\/\/eccleblog.apsh34.org\/index.php\/mentions-legales\/\"]}]},{\"@type\":\"BreadcrumbList\",\"@id\":\"https:\/\/eccleblog.apsh34.org\/index.php\/mentions-legales\/#breadcrumb\",\"itemListElement\":[{\"@type\":\"ListItem\",\"position\":1,\"name\":\"Accueil\",\"item\":\"https:\/\/eccleblog.apsh34.org\/\"},{\"@type\":\"ListItem\",\"position\":2,\"name\":\"Mentions l\u00e9gales\"}]},{\"@type\":\"WebSite\",\"@id\":\"https:\/\/eccleblog.apsh34.org\/#website\",\"url\":\"https:\/\/eccleblog.apsh34.org\/\",\"name\":\"Blog du foyer de vie Camille Claudel - APSH34\",\"description\":\"Les couleurs de nos vies\",\"publisher\":{\"@id\":\"https:\/\/eccleblog.apsh34.org\/#organization\"},\"potentialAction\":[{\"@type\":\"SearchAction\",\"target\":{\"@type\":\"EntryPoint\",\"urlTemplate\":\"https:\/\/eccleblog.apsh34.org\/?s={search_term_string}\"},\"query-input\":{\"@type\":\"PropertyValueSpecification\",\"valueRequired\":true,\"valueName\":\"search_term_string\"}}],\"inLanguage\":\"fr-FR\"},{\"@type\":\"Organization\",\"@id\":\"https:\/\/eccleblog.apsh34.org\/#organization\",\"name\":\"Blog du foyer de vie Camille Claudel - APSH34\",\"url\":\"https:\/\/eccleblog.apsh34.org\/\",\"logo\":{\"@type\":\"ImageObject\",\"inLanguage\":\"fr-FR\",\"@id\":\"https:\/\/eccleblog.apsh34.org\/#\/schema\/logo\/image\/\",\"url\":\"https:\/\/eccleblog.apsh34.org\/wp-content\/uploads\/2025\/01\/cropped-Icone-apsh-1.png\",\"contentUrl\":\"https:\/\/eccleblog.apsh34.org\/wp-content\/uploads\/2025\/01\/cropped-Icone-apsh-1.png\",\"width\":512,\"height\":512,\"caption\":\"Blog du foyer de vie Camille Claudel - APSH34\"},\"image\":{\"@id\":\"https:\/\/eccleblog.apsh34.org\/#\/schema\/logo\/image\/\"},\"sameAs\":[\"https:\/\/www.facebook.com\/apsh34\",\"https:\/\/www.linkedin.com\/company\/apsh34\/\",\"https:\/\/www.instagram.com\/apsh34_association\/\",\"https:\/\/www.youtube.com\/@apsh34\"]}]}<\/script>\n<!-- \/ Yoast SEO plugin. -->","yoast_head_json":{"title":"Mentions l\u00e9gales - Blog du foyer de vie Camille Claudel","robots":{"index":"index","follow":"follow","max-snippet":"max-snippet:-1","max-image-preview":"max-image-preview:large","max-video-preview":"max-video-preview:-1"},"canonical":"https:\/\/eccleblog.apsh34.org\/index.php\/mentions-legales\/","og_locale":"fr_FR","og_type":"article","og_title":"Mentions l\u00e9gales - Blog du foyer de vie Camille Claudel","og_description":"PROPRIETAIRE APSH34 \u2013 Association pour Personnes en Situation de Handicap284 avenue du Professeur JL VialaParc Eurom\u00e9decine II34193 Montpellier Cedex 5T\u00e9l. 04 67 40 74 40 RESPECT DE LA VIE PRIV\u00c9E, [&hellip;]","og_url":"https:\/\/eccleblog.apsh34.org\/index.php\/mentions-legales\/","og_site_name":"Blog du foyer de vie Camille Claudel","article_publisher":"https:\/\/www.facebook.com\/apsh34","article_modified_time":"2025-04-22T09:55:42+00:00","twitter_card":"summary_large_image","twitter_misc":{"Dur\u00e9e de lecture estim\u00e9e":"1 minute"},"schema":{"@context":"https:\/\/schema.org","@graph":[{"@type":"WebPage","@id":"https:\/\/eccleblog.apsh34.org\/index.php\/mentions-legales\/","url":"https:\/\/eccleblog.apsh34.org\/index.php\/mentions-legales\/","name":"Mentions l\u00e9gales - Blog du foyer de vie Camille Claudel","isPartOf":{"@id":"https:\/\/eccleblog.apsh34.org\/#website"},"datePublished":"2025-04-17T16:34:40+00:00","dateModified":"2025-04-22T09:55:42+00:00","breadcrumb":{"@id":"https:\/\/eccleblog.apsh34.org\/index.php\/mentions-legales\/#breadcrumb"},"inLanguage":"fr-FR","potentialAction":[{"@type":"ReadAction","target":["https:\/\/eccleblog.apsh34.org\/index.php\/mentions-legales\/"]}]},{"@type":"BreadcrumbList","@id":"https:\/\/eccleblog.apsh34.org\/index.php\/mentions-legales\/#breadcrumb","itemListElement":[{"@type":"ListItem","position":1,"name":"Accueil","item":"https:\/\/eccleblog.apsh34.org\/"},{"@type":"ListItem","position":2,"name":"Mentions l\u00e9gales"}]},{"@type":"WebSite","@id":"https:\/\/eccleblog.apsh34.org\/#website","url":"https:\/\/eccleblog.apsh34.org\/","name":"Blog du foyer de vie Camille Claudel - APSH34","description":"Les couleurs de nos vies","publisher":{"@id":"https:\/\/eccleblog.apsh34.org\/#organization"},"potentialAction":[{"@type":"SearchAction","target":{"@type":"EntryPoint","urlTemplate":"https:\/\/eccleblog.apsh34.org\/?s={search_term_string}"},"query-input":{"@type":"PropertyValueSpecification","valueRequired":true,"valueName":"search_term_string"}}],"inLanguage":"fr-FR"},{"@type":"Organization","@id":"https:\/\/eccleblog.apsh34.org\/#organization","name":"Blog du foyer de vie Camille Claudel - APSH34","url":"https:\/\/eccleblog.apsh34.org\/","logo":{"@type":"ImageObject","inLanguage":"fr-FR","@id":"https:\/\/eccleblog.apsh34.org\/#\/schema\/logo\/image\/","url":"https:\/\/eccleblog.apsh34.org\/wp-content\/uploads\/2025\/01\/cropped-Icone-apsh-1.png","contentUrl":"https:\/\/eccleblog.apsh34.org\/wp-content\/uploads\/2025\/01\/cropped-Icone-apsh-1.png","width":512,"height":512,"caption":"Blog du foyer de vie Camille Claudel - APSH34"},"image":{"@id":"https:\/\/eccleblog.apsh34.org\/#\/schema\/logo\/image\/"},"sameAs":["https:\/\/www.facebook.com\/apsh34","https:\/\/www.linkedin.com\/company\/apsh34\/","https:\/\/www.instagram.com\/apsh34_association\/","https:\/\/www.youtube.com\/@apsh34"]}]}},"_links":{"self":[{"href":"https:\/\/eccleblog.apsh34.org\/index.php\/wp-json\/wp\/v2\/pages\/411","targetHints":{"allow":["GET"]}}],"collection":[{"href":"https:\/\/eccleblog.apsh34.org\/index.php\/wp-json\/wp\/v2\/pages"}],"about":[{"href":"https:\/\/eccleblog.apsh34.org\/index.php\/wp-json\/wp\/v2\/types\/page"}],"author":[{"embeddable":true,"href":"https:\/\/eccleblog.apsh34.org\/index.php\/wp-json\/wp\/v2\/users\/1"}],"replies":[{"embeddable":true,"href":"https:\/\/eccleblog.apsh34.org\/index.php\/wp-json\/wp\/v2\/comments?post=411"}],"version-history":[{"count":2,"href":"https:\/\/eccleblog.apsh34.org\/index.php\/wp-json\/wp\/v2\/pages\/411\/revisions"}],"predecessor-version":[{"id":461,"href":"https:\/\/eccleblog.apsh34.org\/index.php\/wp-json\/wp\/v2\/pages\/411\/revisions\/461"}],"wp:attachment":[{"href":"https:\/\/eccleblog.apsh34.org\/index.php\/wp-json\/wp\/v2\/media?parent=411"}],"curies":[{"name":"wp","href":"https:\/\/api.w.org\/{rel}","templated":true}]}}

Mentions légales

<h3 class="wp-block-heading"><strong>PROPRIETAIRE</strong></h3>



<p><strong>APSH34 – Association pour Personnes en Situation de Handicap</strong><br>284 avenue du Professeur JL Viala<br>Parc Euromédecine II<br>34193 Montpellier Cedex 5<br>Tél. 04 67 40 74 40</p>



<h3 class="wp-block-heading"><strong>RESPECT DE LA VIE PRIVÉE, DES DONNÉES PERSONNELLES ET&nbsp;UTILISATION DES DONNÉES COLLECTÉES</strong></h3>



<p>Conformément à la loi Informatique et libertés du 6 janvier 1978, vous disposez d’un droit d’accès,de rectification, d&rsquo;opposition et d&rsquo;effacement&nbsp;des&nbsp;données vous concernant.<br>Pour exercer ce droit, adressez-vous à :<br>Monsieur le DPO, APSH34, 284 avenue du Professeur JL Viala Parc Euromédecine II &#8211; 34193 Montpellier Cedex 5.</p>



<p>Les données que vous nous avez communiquées pendant votre visite du site font l’objet d’un traitement informatique.<br>Elles sont utilisées pour le traitement des services proposés par le site internet.</p>



<h3 class="wp-block-heading"><strong>PHOTOGRAPHIES / CRÉDITS PHOTOS</strong></h3>



<p>Effectuées par nos soins.<br>Les textes, illustrations et vidéos présentés sur le site&nbsp;<a href="http://www.apsh34.org/" target="_blank" rel="noreferrer noopener">eccleblog.apsh34.org</a>&nbsp;sont protégés par le Code de la propriété intellectuelle et/ou artistique.<br>Photographes : APSH34</p>



<h3 class="wp-block-heading"><strong>ÉDITION DU SITE</strong></h3>



<p><strong><a href="http://www.apsh34.org/" target="_blank" rel="noreferrer noopener">https://eccleblog.apsh34.org</a></strong></p>



<p>APSH34, 284 avenue du Professeur JL Viala Parc Euromédecine II &#8211; 34193 Montpellier Cedex 5.</p>



<h3 class="wp-block-heading"><strong>Directrice de la publication</strong></h3>



<p>Mme Valérie Hahn, Directrice Espace Camille Claudel &#8211; APSH34</p>



<h3 class="wp-block-heading"><strong>Création du site</strong></h3>



<p><strong><a href="https://eccleblog.apsh34.org">https://eccleblog.apsh34.org</a> &#8211; 2025</strong></p>



<h3 class="wp-block-heading"><strong>Responsable du projet</strong></h3>



<p>Sofya Charid &#8211; Service Communication &#8211; APSH34</p>



<h3 class="wp-block-heading"><strong>Webdesign, réalisation, hébergement</strong></h3>



<p>Service Communication &#8211; APSH34 </p>



<p>Hébergement : OVH </p>



<p>Thème WordPress : Themselve &#8211; Non Profit FSE</p>

<p>PROPRIETAIRE APSH34 – Association pour Personnes en Situation de Handicap284 avenue du Professeur JL VialaParc Euromédecine II34193 Montpellier Cedex 5Tél. 04 67 40 74 40 RESPECT DE LA VIE PRIVÉE, [&hellip;]</p>

<!-- This site is optimized with the Yoast SEO plugin v25.0 - https://yoast.com/wordpress/plugins/seo/ -->
<title>Mentions légales - Blog du foyer de vie Camille Claudel</title>
<meta name="robots" content="index, follow, max-snippet:-1, max-image-preview:large, max-video-preview:-1" />
<link rel="canonical" href="https://eccleblog.apsh34.org/index.php/mentions-legales/" />
<meta property="og:locale" content="fr_FR" />
<meta property="og:type" content="article" />
<meta property="og:title" content="Mentions légales - Blog du foyer de vie Camille Claudel" />
<meta property="og:description" content="PROPRIETAIRE APSH34 – Association pour Personnes en Situation de Handicap284 avenue du Professeur JL VialaParc Euromédecine II34193 Montpellier Cedex 5Tél. 04 67 40 74 40 RESPECT DE LA VIE PRIVÉE, [&hellip;]" />
<meta property="og:url" content="https://eccleblog.apsh34.org/index.php/mentions-legales/" />
<meta property="og:site_name" content="Blog du foyer de vie Camille Claudel" />
<meta property="article:publisher" content="https://www.facebook.com/apsh34" />
<meta property="article:modified_time" content="2025-04-22T09:55:42+00:00" />
<meta name="twitter:card" content="summary_large_image" />
<meta name="twitter:label1" content="Durée de lecture estimée" />
	<meta name="twitter:data1" content="1 minute" />
<script type="application/ld+json" class="yoast-schema-graph">{"@context":"https://schema.org","@graph":[{"@type":"WebPage","@id":"https://eccleblog.apsh34.org/index.php/mentions-legales/","url":"https://eccleblog.apsh34.org/index.php/mentions-legales/","name":"Mentions légales - Blog du foyer de vie Camille Claudel","isPartOf":{"@id":"https://eccleblog.apsh34.org/#website"},"datePublished":"2025-04-17T16:34:40+00:00","dateModified":"2025-04-22T09:55:42+00:00","breadcrumb":{"@id":"https://eccleblog.apsh34.org/index.php/mentions-legales/#breadcrumb"},"inLanguage":"fr-FR","potentialAction":[{"@type":"ReadAction","target":["https://eccleblog.apsh34.org/index.php/mentions-legales/"]}]},{"@type":"BreadcrumbList","@id":"https://eccleblog.apsh34.org/index.php/mentions-legales/#breadcrumb","itemListElement":[{"@type":"ListItem","position":1,"name":"Accueil","item":"https://eccleblog.apsh34.org/"},{"@type":"ListItem","position":2,"name":"Mentions légales"}]},{"@type":"WebSite","@id":"https://eccleblog.apsh34.org/#website","url":"https://eccleblog.apsh34.org/","name":"Blog du foyer de vie Camille Claudel - APSH34","description":"Les couleurs de nos vies","publisher":{"@id":"https://eccleblog.apsh34.org/#organization"},"potentialAction":[{"@type":"SearchAction","target":{"@type":"EntryPoint","urlTemplate":"https://eccleblog.apsh34.org/?s={search_term_string}"},"query-input":{"@type":"PropertyValueSpecification","valueRequired":true,"valueName":"search_term_string"}}],"inLanguage":"fr-FR"},{"@type":"Organization","@id":"https://eccleblog.apsh34.org/#organization","name":"Blog du foyer de vie Camille Claudel - APSH34","url":"https://eccleblog.apsh34.org/","logo":{"@type":"ImageObject","inLanguage":"fr-FR","@id":"https://eccleblog.apsh34.org/#/schema/logo/image/","url":"https://eccleblog.apsh34.org/wp-content/uploads/2025/01/cropped-Icone-apsh-1.png","contentUrl":"https://eccleblog.apsh34.org/wp-content/uploads/2025/01/cropped-Icone-apsh-1.png","width":512,"height":512,"caption":"Blog du foyer de vie Camille Claudel - APSH34"},"image":{"@id":"https://eccleblog.apsh34.org/#/schema/logo/image/"},"sameAs":["https://www.facebook.com/apsh34","https://www.linkedin.com/company/apsh34/","https://www.instagram.com/apsh34_association/","https://www.youtube.com/@apsh34"]}]}</script>
<!-- / Yoast SEO plugin. -->

Mentions légales - Blog du foyer de vie Camille Claudel

PROPRIETAIRE APSH34 – Association pour Personnes en Situation de Handicap284 avenue du Professeur JL VialaParc Euromédecine II34193 Montpellier Cedex 5Tél. 04 67 40 74 40 RESPECT DE LA VIE PRIVÉE, [&hellip;]
