{"id":690,"date":"2025-11-19T15:45:50","date_gmt":"2025-11-19T14:45:50","guid":{"rendered":"https:\/\/eccleblog.apsh34.org\/?post_type=tribe_events&#038;p=690"},"modified":"2025-11-19T15:45:50","modified_gmt":"2025-11-19T14:45:50","slug":"fete-de-noel","status":"publish","type":"tribe_events","link":"https:\/\/eccleblog.apsh34.org\/index.php\/agenda\/fete-de-noel\/","title":{"rendered":"F\u00eate de No\u00ebl"},"content":{"rendered":"<p>Comme chaque ann\u00e9e nous f\u00eaterons No\u00ebl lors d&rsquo;une apr\u00e8s-midi festive.<\/p>\n<p>Les r\u00e9sidents uniquement y sont convi\u00e9s.<\/p>\n","protected":false},"excerpt":{"rendered":"<p>Comme chaque ann\u00e9e nous f\u00eaterons No\u00ebl lors d&rsquo;une apr\u00e8s-midi festive. Les r\u00e9sidents uniquement y sont convi\u00e9s.<\/p>\n","protected":false},"author":5,"featured_media":0,"template":"","meta":{"_EventAllDay":false,"_EventTimezone":"Europe\/Paris","_EventStartDate":"2025-12-11 14:00:00","_EventEndDate":"2025-12-11 16:00:00","_EventStartDateUTC":"2025-12-11 13:00:00","_EventEndDateUTC":"2025-12-11 15:00:00","_EventShowMap":true,"_EventShowMapLink":false,"_EventURL":"","_EventCost":"","_EventCostDescription":"","_EventCurrencySymbol":"\u20ac","_EventCurrencyCode":"EUR","_EventCurrencyPosition":"prefix","_EventDateTimeSeparator":"","_EventTimeRangeSeparator":"","_EventOrganizerID":[],"_EventVenueID":[691],"_OrganizerEmail":"","_OrganizerPhone":"","_OrganizerWebsite":"","_VenueAddress":"","_VenueCity":"","_VenueCountry":"","_VenueProvince":"","_VenueState":"","_VenueZip":"","_VenuePhone":"","_VenueURL":"","_VenueStateProvince":"","_VenueLat":"","_VenueLng":"","_VenueShowMap":false,"_VenueShowMapLink":false,"_tribe_events_status":"","_tribe_events_status_reason":"","footnotes":""},"tags":[],"tribe_events_cat":[],"class_list":["post-690","tribe_events","type-tribe_events","status-publish","hentry"],"yoast_head":"<!-- This site is optimized with the Yoast SEO plugin v25.0 - https:\/\/yoast.com\/wordpress\/plugins\/seo\/ -->\n<title>F\u00eate de No\u00ebl - Blog du foyer de vie Camille Claudel<\/title>\n<meta name=\"robots\" content=\"index, follow, max-snippet:-1, max-image-preview:large, max-video-preview:-1\" \/>\n<link rel=\"canonical\" href=\"https:\/\/eccleblog.apsh34.org\/index.php\/agenda\/fete-de-noel\/\" \/>\n<meta property=\"og:locale\" content=\"fr_FR\" \/>\n<meta property=\"og:type\" content=\"article\" \/>\n<meta property=\"og:title\" content=\"F\u00eate de No\u00ebl - Blog du foyer de vie Camille Claudel\" \/>\n<meta property=\"og:description\" content=\"Comme chaque ann\u00e9e nous f\u00eaterons No\u00ebl lors d&rsquo;une apr\u00e8s-midi festive. Les r\u00e9sidents uniquement y sont convi\u00e9s.\" \/>\n<meta property=\"og:url\" content=\"https:\/\/eccleblog.apsh34.org\/index.php\/agenda\/fete-de-noel\/\" \/>\n<meta property=\"og:site_name\" content=\"Blog du foyer de vie Camille Claudel\" \/>\n<meta property=\"article:publisher\" content=\"https:\/\/www.facebook.com\/apsh34\" \/>\n<meta name=\"twitter:card\" content=\"summary_large_image\" \/>\n<meta name=\"twitter:label1\" content=\"Dur\u00e9e de lecture estim\u00e9e\" \/>\n\t<meta name=\"twitter:data1\" content=\"1 minute\" \/>\n<script type=\"application\/ld+json\" class=\"yoast-schema-graph\">{\"@context\":\"https:\/\/schema.org\",\"@graph\":[{\"@type\":\"WebPage\",\"@id\":\"https:\/\/eccleblog.apsh34.org\/index.php\/agenda\/fete-de-noel\/\",\"url\":\"https:\/\/eccleblog.apsh34.org\/index.php\/agenda\/fete-de-noel\/\",\"name\":\"F\u00eate de No\u00ebl - Blog du foyer de vie Camille Claudel\",\"isPartOf\":{\"@id\":\"https:\/\/eccleblog.apsh34.org\/#website\"},\"datePublished\":\"2025-11-19T14:45:50+00:00\",\"breadcrumb\":{\"@id\":\"https:\/\/eccleblog.apsh34.org\/index.php\/agenda\/fete-de-noel\/#breadcrumb\"},\"inLanguage\":\"fr-FR\",\"potentialAction\":[{\"@type\":\"ReadAction\",\"target\":[\"https:\/\/eccleblog.apsh34.org\/index.php\/agenda\/fete-de-noel\/\"]}]},{\"@type\":\"BreadcrumbList\",\"@id\":\"https:\/\/eccleblog.apsh34.org\/index.php\/agenda\/fete-de-noel\/#breadcrumb\",\"itemListElement\":[{\"@type\":\"ListItem\",\"position\":1,\"name\":\"Accueil\",\"item\":\"https:\/\/eccleblog.apsh34.org\/\"},{\"@type\":\"ListItem\",\"position\":2,\"name\":\"\u00c9v\u00e8nements\",\"item\":\"https:\/\/eccleblog.apsh34.org\/index.php\/agenda\/\"},{\"@type\":\"ListItem\",\"position\":3,\"name\":\"F\u00eate de No\u00ebl\"}]},{\"@type\":\"WebSite\",\"@id\":\"https:\/\/eccleblog.apsh34.org\/#website\",\"url\":\"https:\/\/eccleblog.apsh34.org\/\",\"name\":\"Blog du foyer de vie Camille Claudel - APSH34\",\"description\":\"Les couleurs de nos vies\",\"publisher\":{\"@id\":\"https:\/\/eccleblog.apsh34.org\/#organization\"},\"potentialAction\":[{\"@type\":\"SearchAction\",\"target\":{\"@type\":\"EntryPoint\",\"urlTemplate\":\"https:\/\/eccleblog.apsh34.org\/?s={search_term_string}\"},\"query-input\":{\"@type\":\"PropertyValueSpecification\",\"valueRequired\":true,\"valueName\":\"search_term_string\"}}],\"inLanguage\":\"fr-FR\"},{\"@type\":\"Organization\",\"@id\":\"https:\/\/eccleblog.apsh34.org\/#organization\",\"name\":\"Blog du foyer de vie Camille Claudel - APSH34\",\"url\":\"https:\/\/eccleblog.apsh34.org\/\",\"logo\":{\"@type\":\"ImageObject\",\"inLanguage\":\"fr-FR\",\"@id\":\"https:\/\/eccleblog.apsh34.org\/#\/schema\/logo\/image\/\",\"url\":\"https:\/\/eccleblog.apsh34.org\/wp-content\/uploads\/2025\/01\/cropped-Icone-apsh-1.png\",\"contentUrl\":\"https:\/\/eccleblog.apsh34.org\/wp-content\/uploads\/2025\/01\/cropped-Icone-apsh-1.png\",\"width\":512,\"height\":512,\"caption\":\"Blog du foyer de vie Camille Claudel - APSH34\"},\"image\":{\"@id\":\"https:\/\/eccleblog.apsh34.org\/#\/schema\/logo\/image\/\"},\"sameAs\":[\"https:\/\/www.facebook.com\/apsh34\",\"https:\/\/www.linkedin.com\/company\/apsh34\/\",\"https:\/\/www.instagram.com\/apsh34_association\/\",\"https:\/\/www.youtube.com\/@apsh34\"]}]}<\/script>\n<!-- \/ Yoast SEO plugin. -->","yoast_head_json":{"title":"F\u00eate de No\u00ebl - Blog du foyer de vie Camille Claudel","robots":{"index":"index","follow":"follow","max-snippet":"max-snippet:-1","max-image-preview":"max-image-preview:large","max-video-preview":"max-video-preview:-1"},"canonical":"https:\/\/eccleblog.apsh34.org\/index.php\/agenda\/fete-de-noel\/","og_locale":"fr_FR","og_type":"article","og_title":"F\u00eate de No\u00ebl - Blog du foyer de vie Camille Claudel","og_description":"Comme chaque ann\u00e9e nous f\u00eaterons No\u00ebl lors d&rsquo;une apr\u00e8s-midi festive. Les r\u00e9sidents uniquement y sont convi\u00e9s.","og_url":"https:\/\/eccleblog.apsh34.org\/index.php\/agenda\/fete-de-noel\/","og_site_name":"Blog du foyer de vie Camille Claudel","article_publisher":"https:\/\/www.facebook.com\/apsh34","twitter_card":"summary_large_image","twitter_misc":{"Dur\u00e9e de lecture estim\u00e9e":"1 minute"},"schema":{"@context":"https:\/\/schema.org","@graph":[{"@type":"WebPage","@id":"https:\/\/eccleblog.apsh34.org\/index.php\/agenda\/fete-de-noel\/","url":"https:\/\/eccleblog.apsh34.org\/index.php\/agenda\/fete-de-noel\/","name":"F\u00eate de No\u00ebl - Blog du foyer de vie Camille Claudel","isPartOf":{"@id":"https:\/\/eccleblog.apsh34.org\/#website"},"datePublished":"2025-11-19T14:45:50+00:00","breadcrumb":{"@id":"https:\/\/eccleblog.apsh34.org\/index.php\/agenda\/fete-de-noel\/#breadcrumb"},"inLanguage":"fr-FR","potentialAction":[{"@type":"ReadAction","target":["https:\/\/eccleblog.apsh34.org\/index.php\/agenda\/fete-de-noel\/"]}]},{"@type":"BreadcrumbList","@id":"https:\/\/eccleblog.apsh34.org\/index.php\/agenda\/fete-de-noel\/#breadcrumb","itemListElement":[{"@type":"ListItem","position":1,"name":"Accueil","item":"https:\/\/eccleblog.apsh34.org\/"},{"@type":"ListItem","position":2,"name":"\u00c9v\u00e8nements","item":"https:\/\/eccleblog.apsh34.org\/index.php\/agenda\/"},{"@type":"ListItem","position":3,"name":"F\u00eate de No\u00ebl"}]},{"@type":"WebSite","@id":"https:\/\/eccleblog.apsh34.org\/#website","url":"https:\/\/eccleblog.apsh34.org\/","name":"Blog du foyer de vie Camille Claudel - APSH34","description":"Les couleurs de nos vies","publisher":{"@id":"https:\/\/eccleblog.apsh34.org\/#organization"},"potentialAction":[{"@type":"SearchAction","target":{"@type":"EntryPoint","urlTemplate":"https:\/\/eccleblog.apsh34.org\/?s={search_term_string}"},"query-input":{"@type":"PropertyValueSpecification","valueRequired":true,"valueName":"search_term_string"}}],"inLanguage":"fr-FR"},{"@type":"Organization","@id":"https:\/\/eccleblog.apsh34.org\/#organization","name":"Blog du foyer de vie Camille Claudel - APSH34","url":"https:\/\/eccleblog.apsh34.org\/","logo":{"@type":"ImageObject","inLanguage":"fr-FR","@id":"https:\/\/eccleblog.apsh34.org\/#\/schema\/logo\/image\/","url":"https:\/\/eccleblog.apsh34.org\/wp-content\/uploads\/2025\/01\/cropped-Icone-apsh-1.png","contentUrl":"https:\/\/eccleblog.apsh34.org\/wp-content\/uploads\/2025\/01\/cropped-Icone-apsh-1.png","width":512,"height":512,"caption":"Blog du foyer de vie Camille Claudel - APSH34"},"image":{"@id":"https:\/\/eccleblog.apsh34.org\/#\/schema\/logo\/image\/"},"sameAs":["https:\/\/www.facebook.com\/apsh34","https:\/\/www.linkedin.com\/company\/apsh34\/","https:\/\/www.instagram.com\/apsh34_association\/","https:\/\/www.youtube.com\/@apsh34"]}]}},"_links":{"self":[{"href":"https:\/\/eccleblog.apsh34.org\/index.php\/wp-json\/wp\/v2\/tribe_events\/690","targetHints":{"allow":["GET"]}}],"collection":[{"href":"https:\/\/eccleblog.apsh34.org\/index.php\/wp-json\/wp\/v2\/tribe_events"}],"about":[{"href":"https:\/\/eccleblog.apsh34.org\/index.php\/wp-json\/wp\/v2\/types\/tribe_events"}],"author":[{"embeddable":true,"href":"https:\/\/eccleblog.apsh34.org\/index.php\/wp-json\/wp\/v2\/users\/5"}],"version-history":[{"count":2,"href":"https:\/\/eccleblog.apsh34.org\/index.php\/wp-json\/wp\/v2\/tribe_events\/690\/revisions"}],"predecessor-version":[{"id":693,"href":"https:\/\/eccleblog.apsh34.org\/index.php\/wp-json\/wp\/v2\/tribe_events\/690\/revisions\/693"}],"wp:attachment":[{"href":"https:\/\/eccleblog.apsh34.org\/index.php\/wp-json\/wp\/v2\/media?parent=690"}],"wp:term":[{"taxonomy":"post_tag","embeddable":true,"href":"https:\/\/eccleblog.apsh34.org\/index.php\/wp-json\/wp\/v2\/tags?post=690"},{"taxonomy":"tribe_events_cat","embeddable":true,"href":"https:\/\/eccleblog.apsh34.org\/index.php\/wp-json\/wp\/v2\/tribe_events_cat?post=690"}],"curies":[{"name":"wp","href":"https:\/\/api.w.org\/{rel}","templated":true}]}}

Fête de Noël

<p>Comme chaque année nous fêterons Noël lors d&rsquo;une après-midi festive.</p>
<p>Les résidents uniquement y sont conviés.</p>

<p>Comme chaque année nous fêterons Noël lors d&rsquo;une après-midi festive. Les résidents uniquement y sont conviés.</p>

<!-- This site is optimized with the Yoast SEO plugin v25.0 - https://yoast.com/wordpress/plugins/seo/ -->
<title>Fête de Noël - Blog du foyer de vie Camille Claudel</title>
<meta name="robots" content="index, follow, max-snippet:-1, max-image-preview:large, max-video-preview:-1" />
<link rel="canonical" href="https://eccleblog.apsh34.org/index.php/agenda/fete-de-noel/" />
<meta property="og:locale" content="fr_FR" />
<meta property="og:type" content="article" />
<meta property="og:title" content="Fête de Noël - Blog du foyer de vie Camille Claudel" />
<meta property="og:description" content="Comme chaque année nous fêterons Noël lors d&rsquo;une après-midi festive. Les résidents uniquement y sont conviés." />
<meta property="og:url" content="https://eccleblog.apsh34.org/index.php/agenda/fete-de-noel/" />
<meta property="og:site_name" content="Blog du foyer de vie Camille Claudel" />
<meta property="article:publisher" content="https://www.facebook.com/apsh34" />
<meta name="twitter:card" content="summary_large_image" />
<meta name="twitter:label1" content="Durée de lecture estimée" />
	<meta name="twitter:data1" content="1 minute" />
<script type="application/ld+json" class="yoast-schema-graph">{"@context":"https://schema.org","@graph":[{"@type":"WebPage","@id":"https://eccleblog.apsh34.org/index.php/agenda/fete-de-noel/","url":"https://eccleblog.apsh34.org/index.php/agenda/fete-de-noel/","name":"Fête de Noël - Blog du foyer de vie Camille Claudel","isPartOf":{"@id":"https://eccleblog.apsh34.org/#website"},"datePublished":"2025-11-19T14:45:50+00:00","breadcrumb":{"@id":"https://eccleblog.apsh34.org/index.php/agenda/fete-de-noel/#breadcrumb"},"inLanguage":"fr-FR","potentialAction":[{"@type":"ReadAction","target":["https://eccleblog.apsh34.org/index.php/agenda/fete-de-noel/"]}]},{"@type":"BreadcrumbList","@id":"https://eccleblog.apsh34.org/index.php/agenda/fete-de-noel/#breadcrumb","itemListElement":[{"@type":"ListItem","position":1,"name":"Accueil","item":"https://eccleblog.apsh34.org/"},{"@type":"ListItem","position":2,"name":"Évènements","item":"https://eccleblog.apsh34.org/index.php/agenda/"},{"@type":"ListItem","position":3,"name":"Fête de Noël"}]},{"@type":"WebSite","@id":"https://eccleblog.apsh34.org/#website","url":"https://eccleblog.apsh34.org/","name":"Blog du foyer de vie Camille Claudel - APSH34","description":"Les couleurs de nos vies","publisher":{"@id":"https://eccleblog.apsh34.org/#organization"},"potentialAction":[{"@type":"SearchAction","target":{"@type":"EntryPoint","urlTemplate":"https://eccleblog.apsh34.org/?s={search_term_string}"},"query-input":{"@type":"PropertyValueSpecification","valueRequired":true,"valueName":"search_term_string"}}],"inLanguage":"fr-FR"},{"@type":"Organization","@id":"https://eccleblog.apsh34.org/#organization","name":"Blog du foyer de vie Camille Claudel - APSH34","url":"https://eccleblog.apsh34.org/","logo":{"@type":"ImageObject","inLanguage":"fr-FR","@id":"https://eccleblog.apsh34.org/#/schema/logo/image/","url":"https://eccleblog.apsh34.org/wp-content/uploads/2025/01/cropped-Icone-apsh-1.png","contentUrl":"https://eccleblog.apsh34.org/wp-content/uploads/2025/01/cropped-Icone-apsh-1.png","width":512,"height":512,"caption":"Blog du foyer de vie Camille Claudel - APSH34"},"image":{"@id":"https://eccleblog.apsh34.org/#/schema/logo/image/"},"sameAs":["https://www.facebook.com/apsh34","https://www.linkedin.com/company/apsh34/","https://www.instagram.com/apsh34_association/","https://www.youtube.com/@apsh34"]}]}</script>
<!-- / Yoast SEO plugin. -->

Fête de Noël - Blog du foyer de vie Camille Claudel

Comme chaque année nous fêterons Noël lors d&rsquo;une après-midi festive. Les résidents uniquement y sont conviés.

Évènements
